{"id":468,"date":"2024-03-05T11:47:40","date_gmt":"2024-03-05T11:47:40","guid":{"rendered":"http:\/\/asociacionargentinadejuristas.org\/web\/?page_id=468"},"modified":"2024-11-07T23:26:22","modified_gmt":"2024-11-07T23:26:22","slug":"participacion-en-foros-internacionales","status":"publish","type":"page","link":"http:\/\/asociacionargentinadejuristas.org\/web\/participacion-en-foros-internacionales\/","title":{"rendered":"Participaci\u00f3n en Foros Internacionales"},"content":{"rendered":"\t\t<div data-elementor-type=\"wp-page\" data-elementor-id=\"468\" class=\"elementor elementor-468\">\n\t\t\t\t<div class=\"elementor-element elementor-element-56ef880 e-flex e-con-boxed e-con e-parent\" data-id=\"56ef880\" data-element_type=\"container\" data-e-type=\"container\">\n\t\t\t\t\t<div class=\"e-con-inner\">\n\t\t<div class=\"elementor-element elementor-element-86ad2f6 e-con-full e-flex e-con e-child\" data-id=\"86ad2f6\" data-element_type=\"container\" data-e-type=\"container\">\n\t\t\t\t<div class=\"elementor-element elementor-element-c41a583 elementor-widget elementor-widget-heading\" data-id=\"c41a583\" data-element_type=\"widget\" data-e-type=\"widget\" data-widget_type=\"heading.default\">\n\t\t\t\t<div class=\"elementor-widget-container\">\n\t\t\t\t\t<h2 class=\"elementor-heading-title elementor-size-default\">Participaci\u00f3n en Foros Internacionales<\/h2>\t\t\t\t<\/div>\n\t\t\t\t<\/div>\n\t\t\t\t<\/div>\n\t\t\t\t\t<\/div>\n\t\t\t\t<\/div>\n\t\t<div class=\"elementor-element elementor-element-d5ad762 e-flex e-con-boxed e-con e-parent\" data-id=\"d5ad762\" data-element_type=\"container\" data-e-type=\"container\">\n\t\t\t\t\t<div class=\"e-con-inner\">\n\t\t<div class=\"elementor-element elementor-element-65e4da3 e-con-full e-flex e-con e-child\" data-id=\"65e4da3\" data-element_type=\"container\" data-e-type=\"container\">\n\t\t\t\t<div class=\"elementor-element elementor-element-945a5f3 elementor-widget elementor-widget-heading\" data-id=\"945a5f3\" data-element_type=\"widget\" data-e-type=\"widget\" data-widget_type=\"heading.default\">\n\t\t\t\t<div class=\"elementor-widget-container\">\n\t\t\t\t\t<h2 class=\"elementor-heading-title elementor-size-default\">AAJ presente en el Congreso mundial contra el fascismo, neofascismo y otras expresiones similares.<\/h2>\t\t\t\t<\/div>\n\t\t\t\t<\/div>\n\t\t\t\t<div class=\"elementor-element elementor-element-84ddcce elementor-widget elementor-widget-text-editor\" data-id=\"84ddcce\" data-element_type=\"widget\" data-e-type=\"widget\" data-widget_type=\"text-editor.default\">\n\t\t\t\t<div class=\"elementor-widget-container\">\n\t\t\t\t\t\t\t\t\t<p>10 y 11 de septiembre de 2024<\/p>\t\t\t\t\t\t\t\t<\/div>\n\t\t\t\t<\/div>\n\t\t\t\t<div class=\"elementor-element elementor-element-08704a3 elementor-widget elementor-widget-text-editor\" data-id=\"08704a3\" data-element_type=\"widget\" data-e-type=\"widget\" data-widget_type=\"text-editor.default\">\n\t\t\t\t<div class=\"elementor-widget-container\">\n\t\t\t\t\t\t\t\t\t<p>Participaron en el Congreso los Dres. Andrea Vlahusic, Alejandro Rusconi, Paola Gallo Pel\u00e1ez y Jos\u00e9 Legarreta (Argentina), Nidia D\u00edaz (El Salvador) y David Palis, Gisela Jim\u00e9nez, Lucrecia Hern\u00e1ndez y Jos\u00e9 Luis Mart\u00ednez (Venezuela). <a href=\"http:\/\/asociacionargentinadejuristas.org\/web\/wp-content\/uploads\/2024\/10\/06.-Boletin-1er-congreso-contra-el-fascismo-mundial-2024.pdf\">06. Boleti\u0301n &#8211; 1er congreso contra el fascismo mundial 2024<\/a><\/p>\t\t\t\t\t\t\t\t<\/div>\n\t\t\t\t<\/div>\n\t\t<div class=\"elementor-element elementor-element-f6a7d73 e-con-full e-flex e-con e-child\" data-id=\"f6a7d73\" data-element_type=\"container\" data-e-type=\"container\">\n\t\t\t\t<div class=\"elementor-element elementor-element-920b473 elementor-widget elementor-widget-heading\" data-id=\"920b473\" data-element_type=\"widget\" data-e-type=\"widget\" data-widget_type=\"heading.default\">\n\t\t\t\t<div class=\"elementor-widget-container\">\n\t\t\t\t\t<h2 class=\"elementor-heading-title elementor-size-default\">Ponencia de la Dra. Andrea Vlahusic en el Congreso mundial contra fascismo, neofascismo y otras expresiones similares. <\/h2>\t\t\t\t<\/div>\n\t\t\t\t<\/div>\n\t\t\t\t<div class=\"elementor-element elementor-element-ee7a41c elementor-widget elementor-widget-text-editor\" data-id=\"ee7a41c\" data-element_type=\"widget\" data-e-type=\"widget\" data-widget_type=\"text-editor.default\">\n\t\t\t\t<div class=\"elementor-widget-container\">\n\t\t\t\t\t\t\t\t\t<p>10 y 11 de septiembre de 2024<\/p>\t\t\t\t\t\t\t\t<\/div>\n\t\t\t\t<\/div>\n\t\t\t\t<div class=\"elementor-element elementor-element-8a8fad9 elementor-widget elementor-widget-text-editor\" data-id=\"8a8fad9\" data-element_type=\"widget\" data-e-type=\"widget\" data-widget_type=\"text-editor.default\">\n\t\t\t\t<div class=\"elementor-widget-container\">\n\t\t\t\t\t\t\t\t\t<p>Ponencia de la Dra. Andrea Vlahusic en el Congreso mundial contra fascismo, neofascismo y otras expresiones similares, realizado en Caracas. La ponencia lleva el t\u00edtulo \u00abEl rol de las organizaciones defensoras de los derechos humanos y de los pueblos en la resistencia al fascismo: El trabajo de la Asociaci\u00f3n Americana de Juristas.\u00bb <a href=\"http:\/\/asociacionargentinadejuristas.org\/web\/wp-content\/uploads\/2024\/11\/ponencia-Andrea-Vlahusic-congreso-F-CCS-sep24-final-1.pdf\">ponencia Andrea Vlahusic, congreso F CCS, sep24- final (1)<\/a><\/p>\t\t\t\t\t\t\t\t<\/div>\n\t\t\t\t<\/div>\n\t\t\t\t<\/div>\n\t\t<div class=\"elementor-element elementor-element-ed39fc4 e-con-full e-flex e-con e-child\" data-id=\"ed39fc4\" data-element_type=\"container\" data-e-type=\"container\">\n\t\t\t\t<div class=\"elementor-element elementor-element-7a03abd elementor-widget elementor-widget-heading\" data-id=\"7a03abd\" data-element_type=\"widget\" data-e-type=\"widget\" data-widget_type=\"heading.default\">\n\t\t\t\t<div class=\"elementor-widget-container\">\n\t\t\t\t\t<h2 class=\"elementor-heading-title elementor-size-default\">Presentaci\u00f3n ante la CIDH en su visita a la argentina<\/h2>\t\t\t\t<\/div>\n\t\t\t\t<\/div>\n\t\t\t\t<div class=\"elementor-element elementor-element-5c9ca19 elementor-widget elementor-widget-text-editor\" data-id=\"5c9ca19\" data-element_type=\"widget\" data-e-type=\"widget\" data-widget_type=\"text-editor.default\">\n\t\t\t\t<div class=\"elementor-widget-container\">\n\t\t\t\t\t\t\t\t\t<p>6 de septiembre de 2019<\/p>\t\t\t\t\t\t\t\t<\/div>\n\t\t\t\t<\/div>\n\t\t\t\t<div class=\"elementor-element elementor-element-c672ebc elementor-widget elementor-widget-text-editor\" data-id=\"c672ebc\" data-element_type=\"widget\" data-e-type=\"widget\" data-widget_type=\"text-editor.default\">\n\t\t\t\t<div class=\"elementor-widget-container\">\n\t\t\t\t\t\t\t\t\t<p>En ocasi\u00f3n de una nueva visita de la Comisi\u00f3n Interamericana de Derechos Humanos, al cumplirse 40 a\u00f1os de aquella visita que no s\u00f3lo expuso ante la comunidad internacional las graves violaciones de Derechos Humanos perpetradas por la dictadura militar y contribuy\u00f3 a la transici\u00f3n democr\u00e1tica en Argentina, sino tambi\u00e9n signific\u00f3 un hito en el desarrollo de las facultades de la CIDH consagradas en la Convenci\u00f3n Americana sobre Derechos Humanos, las organizaciones abajo firmantes nos hemos presentado ante el citado organismo, a efectos de peticionar su intervenci\u00f3n exponiendo la grave situaci\u00f3n que afecta al Sistema Judicial en la Argentina y su consecuente violaci\u00f3n a los derechos humanos. Compartimos el trabajo conjunto para vuestro conocimiento y difusi\u00f3n.<\/p>\t\t\t\t\t\t\t\t<\/div>\n\t\t\t\t<\/div>\n\t\t\t\t<div class=\"elementor-element elementor-element-0790913 elementor-widget elementor-widget-button\" data-id=\"0790913\" data-element_type=\"widget\" data-e-type=\"widget\" data-widget_type=\"button.default\">\n\t\t\t\t<div class=\"elementor-widget-container\">\n\t\t\t\t\t\t\t\t\t<div class=\"elementor-button-wrapper\">\n\t\t\t\t\t<a class=\"elementor-button elementor-button-link elementor-size-sm\" href=\"\/pdf\/presentacion_ante%20_CIDH.pdf\" target=\"_blank\">\n\t\t\t\t\t\t<span class=\"elementor-button-content-wrapper\">\n\t\t\t\t\t\t\t\t\t<span class=\"elementor-button-text\">Ver presentaci\u00f3n<\/span>\n\t\t\t\t\t<\/span>\n\t\t\t\t\t<\/a>\n\t\t\t\t<\/div>\n\t\t\t\t\t\t\t\t<\/div>\n\t\t\t\t<\/div>\n\t\t\t\t<\/div>\n\t\t\t\t<\/div>\n\t\t\t\t\t<\/div>\n\t\t\t\t<\/div>\n\t\t<div class=\"elementor-element elementor-element-f310308 e-flex e-con-boxed e-con e-parent\" data-id=\"f310308\" data-element_type=\"container\" data-e-type=\"container\">\n\t\t\t\t\t<div class=\"e-con-inner\">\n\t\t<div class=\"elementor-element elementor-element-d1179f2 e-con-full e-flex e-con e-child\" data-id=\"d1179f2\" data-element_type=\"container\" data-e-type=\"container\">\n\t\t\t\t<div class=\"elementor-element elementor-element-3f8763c elementor-widget-divider--view-line elementor-widget elementor-widget-divider\" data-id=\"3f8763c\" data-element_type=\"widget\" data-e-type=\"widget\" data-widget_type=\"divider.default\">\n\t\t\t\t<div class=\"elementor-widget-container\">\n\t\t\t\t\t\t\t<div class=\"elementor-divider\">\n\t\t\t<span class=\"elementor-divider-separator\">\n\t\t\t\t\t\t<\/span>\n\t\t<\/div>\n\t\t\t\t\t\t<\/div>\n\t\t\t\t<\/div>\n\t\t\t\t<\/div>\n\t\t\t\t\t<\/div>\n\t\t\t\t<\/div>\n\t\t<div class=\"elementor-element elementor-element-c6cce79 e-flex e-con-boxed e-con e-parent\" data-id=\"c6cce79\" data-element_type=\"container\" data-e-type=\"container\">\n\t\t\t\t\t<div class=\"e-con-inner\">\n\t\t<div class=\"elementor-element elementor-element-0a4c60b e-con-full e-flex e-con e-child\" data-id=\"0a4c60b\" data-element_type=\"container\" data-e-type=\"container\">\n\t\t\t\t<div class=\"elementor-element elementor-element-ce92d0a elementor-widget elementor-widget-heading\" data-id=\"ce92d0a\" data-element_type=\"widget\" data-e-type=\"widget\" data-widget_type=\"heading.default\">\n\t\t\t\t<div class=\"elementor-widget-container\">\n\t\t\t\t\t<h2 class=\"elementor-heading-title elementor-size-default\">Participaci\u00f3n de representantes de la AAJ en el 63\u00ba Per\u00edodo de Sesiones de la Comisi\u00f3n sobre la Condici\u00f3n Jur\u00eddica y Social de la Mujer<\/h2>\t\t\t\t<\/div>\n\t\t\t\t<\/div>\n\t\t\t\t<div class=\"elementor-element elementor-element-cb1f8a1 elementor-widget elementor-widget-text-editor\" data-id=\"cb1f8a1\" data-element_type=\"widget\" data-e-type=\"widget\" data-widget_type=\"text-editor.default\">\n\t\t\t\t<div class=\"elementor-widget-container\">\n\t\t\t\t\t\t\t\t\t<p>ONU Sede Nueva York \/ 11 al 22 de Marzo de 2019<\/p>\t\t\t\t\t\t\t\t<\/div>\n\t\t\t\t<\/div>\n\t\t\t\t<div class=\"elementor-element elementor-element-1555962 elementor-icon-list--layout-traditional elementor-list-item-link-full_width elementor-widget elementor-widget-icon-list\" data-id=\"1555962\" data-element_type=\"widget\" data-e-type=\"widget\" data-widget_type=\"icon-list.default\">\n\t\t\t\t<div class=\"elementor-widget-container\">\n\t\t\t\t\t\t\t<ul class=\"elementor-icon-list-items\">\n\t\t\t\t\t\t\t<li class=\"elementor-icon-list-item\">\n\t\t\t\t\t\t\t\t\t\t\t<a href=\"\/pdf\/CSW63_Informe_Final.pdf\" target=\"_blank\">\n\n\t\t\t\t\t\t\t\t\t\t\t\t<span class=\"elementor-icon-list-icon\">\n\t\t\t\t\t\t\t<svg aria-hidden=\"true\" class=\"e-font-icon-svg e-fas-dot-circle\" viewBox=\"0 0 512 512\" xmlns=\"http:\/\/www.w3.org\/2000\/svg\"><path d=\"M256 8C119.033 8 8 119.033 8 256s111.033 248 248 248 248-111.033 248-248S392.967 8 256 8zm80 248c0 44.112-35.888 80-80 80s-80-35.888-80-80 35.888-80 80-80 80 35.888 80 80z\"><\/path><\/svg>\t\t\t\t\t\t<\/span>\n\t\t\t\t\t\t\t\t\t\t<span class=\"elementor-icon-list-text\">Informe Final<\/span>\n\t\t\t\t\t\t\t\t\t\t\t<\/a>\n\t\t\t\t\t\t\t\t\t<\/li>\n\t\t\t\t\t\t\t\t<li class=\"elementor-icon-list-item\">\n\t\t\t\t\t\t\t\t\t\t\t<a href=\"\/pdf\/CSW63_Presentacion_Sinagra.pdf\" target=\"_blank\">\n\n\t\t\t\t\t\t\t\t\t\t\t\t<span class=\"elementor-icon-list-icon\">\n\t\t\t\t\t\t\t<svg aria-hidden=\"true\" class=\"e-font-icon-svg e-fas-dot-circle\" viewBox=\"0 0 512 512\" xmlns=\"http:\/\/www.w3.org\/2000\/svg\"><path d=\"M256 8C119.033 8 8 119.033 8 256s111.033 248 248 248 248-111.033 248-248S392.967 8 256 8zm80 248c0 44.112-35.888 80-80 80s-80-35.888-80-80 35.888-80 80-80 80 35.888 80 80z\"><\/path><\/svg>\t\t\t\t\t\t<\/span>\n\t\t\t\t\t\t\t\t\t\t<span class=\"elementor-icon-list-text\">Informe de la AAJ en el Panel Interactivo 2<\/span>\n\t\t\t\t\t\t\t\t\t\t\t<\/a>\n\t\t\t\t\t\t\t\t\t<\/li>\n\t\t\t\t\t\t<\/ul>\n\t\t\t\t\t\t<\/div>\n\t\t\t\t<\/div>\n\t\t\t\t<div class=\"elementor-element elementor-element-e105107 elementor-widget elementor-widget-text-editor\" data-id=\"e105107\" data-element_type=\"widget\" data-e-type=\"widget\" data-widget_type=\"text-editor.default\">\n\t\t\t\t<div class=\"elementor-widget-container\">\n\t\t\t\t\t\t\t\t\t<p style=\"text-align: left; padding-left: 20px;\">Presentado por la Dra. Florencia Sinagra (preparado en forma conjunta por la Presidenta Vanessa Ramos y F. Sinagra<\/p>\t\t\t\t\t\t\t\t<\/div>\n\t\t\t\t<\/div>\n\t\t\t\t<\/div>\n\t\t\t\t\t<\/div>\n\t\t\t\t<\/div>\n\t\t<div class=\"elementor-element elementor-element-534bc60 e-flex e-con-boxed e-con e-parent\" data-id=\"534bc60\" data-element_type=\"container\" data-e-type=\"container\">\n\t\t\t\t\t<div class=\"e-con-inner\">\n\t\t\t\t<div class=\"elementor-element elementor-element-4c18c81 elementor-widget elementor-widget-spacer\" data-id=\"4c18c81\" data-element_type=\"widget\" data-e-type=\"widget\" data-widget_type=\"spacer.default\">\n\t\t\t\t<div class=\"elementor-widget-container\">\n\t\t\t\t\t\t\t<div class=\"elementor-spacer\">\n\t\t\t<div class=\"elementor-spacer-inner\"><\/div>\n\t\t<\/div>\n\t\t\t\t\t\t<\/div>\n\t\t\t\t<\/div>\n\t\t\t\t\t<\/div>\n\t\t\t\t<\/div>\n\t\t\t\t<\/div>\n\t\t","protected":false},"excerpt":{"rendered":"<p>Participaci\u00f3n en Foros Internacionales AAJ presente en el Congreso mundial contra el fascismo, neofascismo y otras expresiones similares. 10 y 11 de septiembre de 2024 Participaron en el Congreso los Dres. Andrea Vlahusic, Alejandro Rusconi, Paola Gallo Pel\u00e1ez y Jos\u00e9 Legarreta (Argentina), Nidia D\u00edaz (El Salvador) y David Palis, Gisela Jim\u00e9nez, Lucrecia Hern\u00e1ndez y Jos\u00e9&hellip;&nbsp;<\/p>\n","protected":false},"author":2,"featured_media":0,"parent":0,"menu_order":0,"comment_status":"closed","ping_status":"closed","template":"page-templates\/template-pagebuilder-full-width.php","meta":{"neve_meta_sidebar":"","neve_meta_container":"","neve_meta_enable_content_width":"off","neve_meta_content_width":100,"neve_meta_title_alignment":"","neve_meta_author_avatar":"","neve_post_elements_order":"","neve_meta_disable_header":"","neve_meta_disable_footer":"","neve_meta_disable_title":"","footnotes":""},"class_list":["post-468","page","type-page","status-publish","hentry"],"_links":{"self":[{"href":"http:\/\/asociacionargentinadejuristas.org\/web\/wp-json\/wp\/v2\/pages\/468","targetHints":{"allow":["GET"]}}],"collection":[{"href":"http:\/\/asociacionargentinadejuristas.org\/web\/wp-json\/wp\/v2\/pages"}],"about":[{"href":"http:\/\/asociacionargentinadejuristas.org\/web\/wp-json\/wp\/v2\/types\/page"}],"author":[{"embeddable":true,"href":"http:\/\/asociacionargentinadejuristas.org\/web\/wp-json\/wp\/v2\/users\/2"}],"replies":[{"embeddable":true,"href":"http:\/\/asociacionargentinadejuristas.org\/web\/wp-json\/wp\/v2\/comments?post=468"}],"version-history":[{"count":47,"href":"http:\/\/asociacionargentinadejuristas.org\/web\/wp-json\/wp\/v2\/pages\/468\/revisions"}],"predecessor-version":[{"id":1681,"href":"http:\/\/asociacionargentinadejuristas.org\/web\/wp-json\/wp\/v2\/pages\/468\/revisions\/1681"}],"wp:attachment":[{"href":"http:\/\/asociacionargentinadejuristas.org\/web\/wp-json\/wp\/v2\/media?parent=468"}],"curies":[{"name":"wp","href":"https:\/\/api.w.org\/{rel}","templated":true}]}}